 n(-2). List the prime factors of o(s).
2
Let i = -583 - -331. Let a = -179 - i. What are the prime factors of a?
73
Let d be 15/((-2)/(3 - -1)). What are the prime factors of (-3)/(-5) - 1122/d?
2, 19
What are the prime factors of 5704*2/6 + (-44)/(-66)?
2, 3, 317
Let w(l) = -297*l + 635. What are the prime factors of w(-7)?
2, 23, 59
List the prime factors of -15*11/(385/(-112)).
2, 3
Let u(r) = -3*r + 6. Let k be u(0). Let i(h) = -3*h + 36. List the prime factors of i(k).
2, 3
Let z = 10 - 11. Let q be (6/4 + z)*2. List the prime factors of (-45)/(-20) - q/4.
2
Let w be -4*(-4)/16*-22. Let k = w + -33. Let b = k + 78. What are the prime factors of b?
23
Let c = 1510 - 621. List the prime factors of c.
7, 127
List the prime factors of 143 - 0 - (-15)/35*-7.
2, 5, 7
Let g be (-1 - 6/10)*(-885)/(-6). List the prime factors of (-2)/(0 + (-24)/g)*-3.
59
Suppose 23 = -f - 35. Let c be (-72)/2*(-4)/(-6). Let u = c - f. What are the prime factors of u?
2, 17
Let k(x) = 168*x + 59. List the prime factors of k(3).
563
Suppose -v = -3*v + 4. Suppose 0*z + 112 = 2*z + o, v*z = 5*o + 100. List the prime factors of z.
5, 11
Let c(y) be the third derivative of -5*y**4/12 - y**3/2 + y**2. Let l be c(-2). Suppose -b - 1 = -l. List the prime factors of b.
2
Let l(k) = -52*k + 6. List the prime factors of l(-4).
2, 107
Let d(u) = u**3 + 7*u**2 + 3*u - 5. Let n be d(-5). Suppose 0 = -5*a + 4*c + n, c = -3*a + 1 - 0. List the prime factors of (2/a)/((-6)/(-78)).
13
Let v(c) be the first derivative of c**3/3 - 4*c + 2. Let x be v(-3). Suppose 4 = -r + 4*d, -4*d = x*r - 2*r - 52. List the prime factors of r.
2, 3
Let t = 168 + -303. What are the prime factors of ((-12)/9)/(2/t)?
2, 3, 5
Let h(g) = -g**2 + 9*g + 8. Let f be h(21). Let i = f - -387. List the prime factors of i.
11, 13
Let k be 1168/56 - 1/(-7). What are the prime factors of 6/(-9) - (-308)/k?
2, 7
Suppose -5*p - 15 = 0, g + 6 = 3*p + 18. Let d be 4/(g + 7/(-3)). Suppose -74 = -4*f + d. What are the prime factors of f?
2, 5
Let d(g) = g - 8. Let k be d(11). Suppose 0 = -7*v + k*v. Suppose -3*l = 8*t - 3*t - 32, v = l + t - 12. What are the prime factors of l?
2, 7
Let n(g) = 32*g**2 + 4*g - 12. What are the prime factors of n(2)?
2, 31
Let u(o) = 11*o**3 - o**2. Let f be u(1). List the prime factors of (-11)/55 + 322/f.
2
Suppose -x - 2*x = -12. Suppose 22 = 5*r + m, 0*m + 2*m - 20 = -x*r. Suppose 0 = 3*g - 4*s - 15, -2*s - 6 = -r*s. List the prime factors of g.
3
Let g = 52 - 47. Suppose 0 = 4*p - 20, -9 + 64 = g*j - 2*p. What are the prime factors of j?
13
Suppose -3*q - 5*y + 13458 = 0, -16*q + 5*y + 22430 = -11*q. List the prime factors of q.
2, 2243
Let b = 380 + -135. List the prime factors of b.
5, 7
Let s = 3731 - 2226. List the prime factors of s.
5, 7, 43
Let w(m) = -4769*m**3 - m**2 - 51*m - 49. What are the prime factors of w(-1)?
2, 3, 5, 53
Suppose w + 3*w = 260. Suppose -4*f + w = -79. List the prime factors of f.
2, 3
Let y(a) = -2*a**2 + 9*a - 17. Let q be y(4). Let d(i) = -7*i + 12. What are the prime factors of d(q)?
103
Let h(z) = -2*z - 30. Let w be h(-17). Suppose 22 = w*c - 110. List the prime factors of c.
3, 11
Let z = -449 - -453. Let w be 12/(-9)*6/4. What are the prime factors of (w/z)/((-1)/78)?
3, 13
What are the prime factors of 20514/45 + 16/120?
2, 3, 19
Suppose 0 = 2*q - 3*j - 592, -164*j + 869 = 3*q - 159*j. List the prime factors of q.
293
Let x be 9/(-18) - (-74)/4. Suppose -2*f + x + 4 = 0. What are the prime factors of f?
11
Let q be (2 - 3)/1 - (1 - 4). Suppose -p + 585 = 5*d, 10 + 0 = -q*p. What are the prime factors of d?
2, 59
Let g(d) = -35*d - 627. List the prime factors of g(-28).
353
Let r = -130 + 400. Suppose -r - 414 = -6*x. What are the prime factors of x?
2, 3, 19
Suppose 5*j = -4*v + 3605, 3*v + 1356 = 3*j - 834. List the prime factors of j.
5, 29
Let z(t) = t**3 + 13*t**2 + 10*t - 9. Suppose 18*r = 13*r - 55. What are the prime factors of z(r)?
3, 41
Let y = 14 + -11. Let u(b) = b**2 - 2*b**3 + 4*b - 4*b + 6 + 3*b**y. List the prime factors of u(0).
2, 3
Suppose 77 = -10*j + 16107. What are the prime factors of j?
7, 229
Suppose 278630 + 98242 = 82*w. List the prime factors of w.
2, 3, 383
Let t(n) = -n + 1. Suppose 4*j + 6 = 2*j, -3*y - j - 15 = 0. Let d(f) = 3*f - 2. Let k(p) = y*t(p) + d(p). What are the prime factors of k(3)?
3, 5
Let z = -2017 + 4659. What are the prime factors of z?
2, 1321
Let g be -49*(60/(-3))/4. Let y be ((-2)/(-5))/((-7)/g). List the prime factors of y/35 + (-164)/(-10).
2
Let s(w) = -5*w**3 + 8*w**2 + 22*w - 44. List the prime factors of s(-8).
2, 23, 31
Suppose -4*y + 16 = -2*y. Suppose 4*j = y - 4. What are the prime factors of (8/(-12))/(j/(-3))?
2
Let r(x) = -x**2 + 11*x - 8. Let c be r(10). Let a(m) = -m**3 + 1 + 0*m**3 - m + m**c - 4*m**3 + 2*m. List the prime factors of a(-1).
2, 3
Let f(o) be the first derivative of o**5/60 + 7*o**4/24 - 7*o**3/3 - o**2 - 6. Let v(h) be the second derivative of f(h). What are the prime factors of v(-11)?
2, 3, 5
Let u(v) = 24*v**2 - v. What are the prime factors of u(1)?
23
Suppose 0 = -22*i + 23*i - 19. Suppose -23*b = -i*b - 160. What are the prime factors of b?
2, 5
List the prime factors of 4306/5 - 20/(-25).
2, 431
What are the prime factors of 8 - (-1849 - (4 + 5))?
2, 3, 311
Suppose 0 = 9*m - 7*m - 10. Suppose -z + 3*n - n = -50, -3*n = m*z - 185. What are the prime factors of z?
2, 5
Suppose 5*d - 142 = 278. Let n = 18 + -14. Suppose 69 = 3*a - 0*b + b, -4*a + d = n*b. List the prime factors of a.
2, 3
Let y be -4*(-2 - (-5)/(-2)). Suppose y*a - 19*a = -67. List the prime factors of a.
67
Let x be 30/4*18/(-27). Let s(w) = -2*w - 4. Let c be s(x). Suppose 3*f - 132 + c = 0. List the prime factors of f.
2, 3, 7
Let i be (-21)/12*-2 - 1/(-2). Suppose 4*g + 0*a - 835 = -5*a, 4*g + i*a - 832 = 0. What are the prime factors of g?
5, 41
Suppose -2*b = 4*l - 248, -8*l = -2*b - 9*l + 260. List the prime factors of b.
2, 3, 11
Let t(s) = s**3 + 17*s**2 - 27*s - 10. What are the prime factors of t(-17)?
449
Let k = -402 - -812. What are the prime factors of k?
2, 5, 41
Let s(j) = 34*j + 37. Let p be s(7). Suppose 0 = -5*k, 6*k = 5*d + 5*k - p. List the prime factors of d.
5, 11
Suppose -688 = -2*t - 2*d, 1040 = 4*t - t - d. What are the prime factors of t?
2, 173
Suppose 2*w + 2*w = 28. Let l = w + -29. Let o = 48 + l. List the prime factors of o.
2, 13
Let o(b) = -b**3 - 6*b**2 - 7*b - 6. Let d be o(-5). Suppose 2*t = d*r + 90 - 346, -2*r + 5*t + 112 = 0. List the prime factors of r.
2, 3, 11
Suppose 0 = -3*q + 265 + 380. Suppose 5*d = -20 + q. What are the prime factors of d?
3, 13
Let r(t) = 8*t - 29. Let l be r(5). Suppose -2*g = a - l, -4*g - 12 = -3*g - 3*a. List the prime factors of g.
3
Suppose -5*k + 17486 = 2936. List the prime factors of k.
2, 3, 5, 97
Let u = -623 + 962. What are the prime factors of u?
3, 113
Let g(v) = -2*v**3 - 3*v**2 - v - 1. Let y be g(-2). Suppose -80 = -y*x - 0*x. What are the prime factors of (-1)/(-4) + 220/x?
2, 7
Suppose -2*n + 1201 = b, -b - 2*b + 3624 = -n. List the prime factors of b.
17, 71
Let i(n) = 4 - 5*n + 1 + 2 + n**2 - 3. Let d be i(4). Suppose 40 = 5*s - d. List the prime factors of s.
2
Suppose -m + 3*n = -300, -2*m + 7*m = n + 1472. Suppose -2*q - 4*q = -m. What are the prime factors of q?
7
Suppose 2*o = 5*g - 5926, -g - 5*o + 782 + 414 = 0. What are the prime factors of g?
2, 593
Let f = 149 - 72. Let b = f - 54. What are the prime factors of b?
23
Let r be (3 - 1)*35/14. Suppose -d = -0*d + r. Let k(i) = -i**3 - 4*i**2 + 5*i + 3. List the prime factors of k(d).
3
Let x = 8 + -22. What are the prime factors of (x/(-1))/(13/52)?
2, 7
Let r(q) = -80*q + 417. List the prime factors of r(-6).
3, 13, 23
Let b be (42/(-49))/((-6)/28). Suppose b*g - 4*p - 76 = 0, 2*g + 2*p = 31 - 5. List the prime factors of (8/3)/(g/24).
2
What are the prime factors of 4/4 - -5 - (-6 + -215)?
227
Let o be -2 + -1*2 - (2 + 202). Let r = -125 - o. What are the prime factors of r?
83
Let v be (7 - -2) + (-1 - -1). Let p = v - 7. What are the prime factors of p - (18/(-1) + 3)?
17
Suppose -z - 2 = -0*m - 2*m, 9 = 3*z - m. Suppose 3*u - 190 = i + 4*i, 5*i - 300 = -z*u. List the prime factors of u.
2, 5, 7
Suppose -6*r + 21 = 3. Suppose f - 134 = 